nder when 62 is divided by q?
10
Suppose 0 = i - 5*b - 20, -1 - 1 = 2*i + 4*b. Let q = -5 - i. Calculate the remainder when (-192)/(-15) - 2/q is divided by 8.
5
Let m(b) = b**2 + 10*b. Let o(z) = -z**3 + 8*z**2 - 9*z + 8. Let h be o(7). Let i be m(h). What is the remainder when (4/6)/((-1)/i) is divided by 9?
7
Suppose -10 + 2 = -c. Calculate the remainder when c is divided by 2.
0
Suppose -2*q + 188 = 2*z, -2*z - 55 + 264 = -5*q. What is the remainder when z is divided by 34?
29
Let w = -18 + 30. Let r = 17 - w. Calculate the remainder when r is divided by 2.
1
Let f(i) = i**3 - 4*i**2 - 2*i - 7. Let l be f(5). Suppose -4*n = -l, 52 = 5*p - 0*p + n. Calculate the remainder when 27 is divided by p.
7
Suppose 2*h - x - 1 = -6*x, -4*h + 17 = -5*x. Suppose 13 = -5*o + 38, h*z + o - 17 = 0. What is the remainder when 13 is divided by z?
1
Let k(h) = 5*h**2 + 3*h - 4. Calculate the remainder when k(-4) is divided by 13.
12
Let u(j) = 35*j**2 - 2*j + 2. Calculate the remainder when u(1) is divided by 19.
16
Let r(o) = o**2 + 5*o - 3. Let j be r(-6). Suppose 8*t = j*t + 20. Let l(h) = -h + 8. Calculate the remainder when l(-5) is divided by t.
1
Let r = 378 + -248. Calculate the remainder when r is divided by 11.
9
Let c(t) = -45*t**3 - t - 1. Let p be c(-1). Suppose -5*m = -3*v + 47, 4*v - v - 3*m = p. What is the remainder when v is divided by (0 - 1) + (8 - -1)?
6
Suppose -j - 2*c + 104 = 3*j, -4*j + 5*c = -90. Let b be -5*(-3)/(0 + 3). Let g(s) = 3*s - 6. What is the remainder when j is divided by g(b)?
7
Let z = 19 + -12. Let r(p) = p**3 - 7*p**2 + 2*p + 10. Calculate the remainder when r(z) is divided by 13.
11
Let a(h) = h**3 - 8*h**2 + h + 2. Suppose 3*t - 14 = -2. Calculate the remainder when a(8) is divided by t.
2
Suppose 0*s + 3*s = 0. Suppose 5*k = -4*j + 65, 34 = k + 5*j - s*j. Suppose 0 = -5*b + 184 - 59. What is the remainder when b is divided by k?
7
Suppose 3*x - 136 - 98 = 0. Calculate the remainder when x is divided by 27.
24
Calculate the remainder when 83 is divided by 70/9 - (-6)/27 - -4.
11
Let y(w) = w**3 - 6*w**2 + 4*w + 2. Let t be y(5). Let m(s) = -s**2 - 5*s - 2. What is the remainder when m(t) is divided by 2?
0
Suppose m + 23 = 2*m. What is the remainder when m is divided by 8?
7
Let i = 0 + 2. Let m(q) = -q - 6*q + i*q. Calculate the remainder when 44 is divided by m(-3).
14
Suppose 14 = -2*y + 34. Let o(c) = c**2 - 7*c - 1. What is the remainder when o(y) is divided by 10?
9
What is the remainder when 57 is divided by 3*(1 - (-51)/9)?
17
Let j be (-1 + 2)*(-87)/3. Let z = -7 - 10. Let m = z - j. What is the remainder when 35 is divided by m?
11
Calculate the remainder when 4*(177/18)/((-8)/(-12)) is divided by 15.
14
Suppose -b = -10 - 11. Let c(j) = -4*j**3 + 7*j**2 - 5*j**2 - 2 - 3*j - j**2. What is the remainder when c(-2) is divided by b?
19
Let m(q) be the second derivative of -q**5/20 - q**4/4 - q**3/3 + 4*q**2 + 7*q. What is the remainder when m(-4) is divided by 7?
4
Suppose 4*z = u + 376, -2*u = z + 3*u - 73. Calculate the remainder when z is divided by 24.
21
Let a = 101 + -28. Calculate the remainder when a is divided by 25.
23
Suppose 5*t = -2*c - 6, -8*c - 15 = -t - 3*c. Let y(b) = -b + 18. Suppose -6*o = -5*o - 53. Calculate the remainder when o is divided by y(t).
17
Let a = -112 - -77. Let s = -21 - a. Calculate the remainder when 54 is divided by s.
12
Let v = -22 + 69. Suppose -t = -3*m + 17, m - 3*t + v = 6*m. Calculate the remainder when 27 is divided by m.
6
Let u(q) = q**3 - 3*q**2 + 2*q + 2. Let a be u(2). Suppose v + 56 = 3*x + a*x, 5*x + 2*v = 53. Calculate the remainder when x is divided by 6.
5
Suppose 4*l - 5*u - 73 = 0, 7*l - 85 = 2*l + 5*u. Let o = l - 7. Suppose 3*d + 5*k = 2*d - 4, -o*d + 52 = k. Calculate the remainder when 31 is divided by d.
9
Let p(g) = g**2 - g - 19. What is the remainder when 89 is divided by p(7)?
20
Let j = -2 - -5. Let f(d) = -10*d - 13. Let w be f(-10). Suppose -3*c - j*l = -54, -2*l + l = -4*c + w. Calculate the remainder when 40 is divided by c.
19
Let k = 6 + -3. Suppose 0 = -2*g - 2*w + 38, -k*g + 0*g + 5*w + 17 = 0. Suppose -3*q + 37 = -g. What is the remainder when 33 is divided by q?
16
Let y(x) = -3*x + 5 - 13 + 8*x. What is the remainder when y(5) is divided by 5?
2
Suppose -2*p = -6 - 6. Let d(z) = z**2 - 4*z. Let t be d(4). Let r(i) = -i**2 - i + 16. What is the remainder when r(t) is divided by p?
4
Suppose 0 = -z + s + 23, -2*z + 36 = -5*s - 7. Calculate the remainder when z is divided by 3.
0
Suppose -5*j + 24 = -21. Suppose -3*u + 2*w - 7*w = 25, 2*w = -u - j. Let f = u + 16. Calculate the remainder when f is divided by 4.
3
Suppose 4*a - 2 = 6. Suppose -22 = -4*l - 2*v, -l - a*v = -7*v + 22. Let r = l + 2. Calculate the remainder when r is divided by 2.
1
Let m = 135 + -113. Suppose 4*q - 122 = 130. What is the remainder when q is divided by m?
19
What is the remainder when 133/(-14) + 8 + (-91)/(-2) is divided by (-137)/(-9) - 4/18?
14
Let s be -1*(-6)/(-3)*-11. Let j = s + -8. What is the remainder when j is divided by 8?
6
Let m = 10 + -8. Let w = 11 - m. Suppose -24 - 11 = -u. Calculate the remainder when u is divided by w.
8
Suppose -162 - 76 = -2*x + y, 0 = -3*x + y + 357. What is the remainder when x is divided by 40?
39
Let p(x) = 4*x + 3. Suppose 189*r - 185*r - 28 = 0. What is the remainder when p(4) is divided by r?
5
Suppose 4*q + 102 = 10*q. Calculate the remainder when q is divided by 5.
2
Suppose -u = 4*m - 74, -m - 43 - 26 = -u. Suppose h + u = -h. Let n = h + 58. Calculate the remainder when n is divided by 12.
11
Let f = -2 + 77. What is the remainder when f is divided by 6?
3
Let g = 2 + 3. Suppose -j + 6 = g*i - 2, 2 = -j. Let s = 3 - i. Calculate the remainder when 2 is divided by s.
0
Calculate the remainder when 1310/70 + -2 + (-32)/(-14) is divided by 13.
6
Let i = 61 + -33. Calculate the remainder when i is divided by 6.
4
What is the remainder when 123 is divided by (-4)/(-10) + (-228)/(-5) + -4?
39
Suppose -4*y + 8*y = 4. Let m be ((-5)/(-4))/(y/4). Suppose f - m = 9. Calculate the remainder when f is divided by 5.
4
Suppose -3*g - 292 = -5*z, -2*g + 318 - 46 = 5*z. Suppose 5*n + 2*k = 5*k + 68, 4*k = -3*n + 64. What is the remainder when n is divided by z/9 - 4/18?
4
Let o = 0 - -5. Suppose -o*r + r = -8. Suppose 0 = -y - k + 3, 0 = -7*y + 2*y + 2*k + 1. Calculate the remainder when r is divided by y.
0
Let l(p) = -2*p**2 + 5*p + 3. Let c be l(3). Let i = c - -28. Calculate the remainder when i is divided by 10.
8
Let m = -11 - -5. Let n = m + 8. Suppose -3*d + 21 = 10*q - 7*q, q = 4*d - 8. What is the remainder when d is divided by n?
1
Let t(c) = c**3 - 8*c**2 + 6*c - 8. Let z be (4/(-5))/((-2)/10). Suppose -z*f - f = -40. Calculate the remainder when t(f) is divided by 21.
19
Let r = 1 - 1. Suppose r = -2*j + 4*j. What is the remainder when -4*(86/(-8) + j) is divided by 22?
21
What is the remainder when (-14)/21 - (-177)/9 is divided by 7?
5
Let w(r) = -7*r**2 - 50*r - 3. What is the remainder when 10 is divided by w(-7)?
2
Suppose -5*g - 5*z = -0*g - 210, 0 = 5*z. Calculate the remainder when g is divided by 11.
9
Suppose -2*j + 76 = -0*h - 4*h, 4*j = 5*h + 155. Calculate the remainder when j is divided by 14.
12
Let n(j) = -2*j - 6. Let a(d) = d**2 + 2*d + 3. Let l be a(-3). Suppose 0 = -2*u - l - 8. What is the remainder when n(u) is divided by 3?
2
Let r = 30 + -16. Calculate the remainder when r is divided by 5.
4
Suppose -4*d - 17 = -2*c - 5, -c + 3 = -d. Suppose -n = -c - 19. Calculate the remainder when n is divided by 11.
8
Let a(h) = h**2 + h + 2. Let u(c) be the second derivative of c**3/2 + 3*c**2 + c. What is the remainder when u(5) is divided by a(-3)?
5
Let a(h) = -h**2 + 11*h - 3. Calculate the remainder when a(8) is divided by 2/(-1 + 3)*6.
3
Let v(q) = 5*q. Let k be v(1). Suppose 3 = k*m + 23. Let z(c) = -2*c - 1. What is the remainder when 26 is divided by z(m)?
5
Suppose -4*j - 5 = -61. Suppose -j*w = -9*w - 25. Let r = 10 + -2. What is the remainder when r is divided by w?
3
Calculate the remainder when 35 is divided by 3 + -2 - ((-12)/1 - 0).
9
Suppose -6*p = -2*p - 112. Let t = 3 - -7. What is the remainder when p is divided by t?
8
Let i(l) = -l**2 - 1. Let b(c) = 6*c**2 + 3*c + 5. L